m is divided by 3?
2
Let a = -68 - -72. Suppose 10 = 5*l - 40. Calculate the remainder when l is divided by a.
2
Let i(g) = g**2 + g - 141. Let w be i(0). Let f = 8 - w. Suppose 0 = 3*x - 15, -2*r = 2*x + 9 - f. Calculate the remainder when r is divided by 22.
21
Let v(w) = -2*w**2 + 7*w + 9. Calculate the remainder when 12 is divided by v(4).
2
Let s(p) = 3*p - 21. Calculate the remainder when 8 is divided by s(9).
2
Suppose 0 = 2*j - 0*j - 8. Suppose w - 6*w - 47 = j*v, 2*v = -4*w - 28. Let a = 20 + v. What is the remainder when 46 is divided by a?
10
Suppose 46 = -r + 3*r - 3*t, -2*r - 3*t = -34. What is the remainder when 38 is divided by r?
18
Let q = 22 - 8. Calculate the remainder when 96 is divided by q.
12
Suppose 5*v - 120 = 5*l, 5*l = -2*v - 22 + 98. What is the remainder when v is divided by 11?
6
Suppose -3*d + 86 = 4*p, -158 = -5*p - 5*d - 48. Calculate the remainder when 119 is divided by p.
19
Suppose -125 = 4*a - 5. Let u = a - -43. Calculate the remainder when 49 is divided by u.
10
Let t(p) = 3*p - 4. Let a be t(3). Suppose 0 = 4*u - f - 51, -5*u + a*f + 56 = -4. Suppose 0*w - w + 25 = 0. Calculate the remainder when w is divided by u.
12
Let r = 25 + -15. Let p(t) = -7*t + 4. Let d be p(6). Let q = -20 - d. Calculate the remainder when q is divided by r.
8
Suppose -4*u - 8 = -6*u. Let w = 6 - 10. Let k = -2 - w. Calculate the remainder when u is divided by k.
0
Suppose 5*u - 410 + 10 = 0. Suppose -x + u = 4*x. Calculate the remainder when x is divided by 9.
7
Let q(p) = -2*p**2 + 26*p - 18. Calculate the remainder when 7 is divided by q(12).
1
Let r(n) be the second derivative of -n**3/6 + 3*n**2/2 + 5*n. Suppose 0 = -4*b + 2*b + 40. Calculate the remainder when b is divided by r(-8).
9
Let w = 66 - 51. What is the remainder when 28 is divided by w?
13
Suppose 53 = 3*s - 4*d, 3*s = -d - 3*d + 37. Calculate the remainder when 41 is divided by s.
11
Suppose 8 = -4*p + 5*p. Suppose 2*b + b - 90 = 0. What is the remainder when b is divided by p?
6
Suppose 0*c + 15 = -3*c, 4*k - 190 = 2*c. What is the remainder when k is divided by 24?
21
Let x(o) = -25*o**2 + 2*o + o**3 + 31*o**2 + 2*o - 7. Let r be x(-5). Calculate the remainder when r/(-7) - 122/(-14) is divided by 5.
4
Suppose 4*l - 10 = 130. Let u(h) = -h**2 - 6*h + 9. What is the remainder when l is divided by u(-6)?
8
Let r = 30 + -11. Suppose -2*u = -c + 7 - 197, 0 = 3*u + 4*c - 296. Let d = u - 59. Calculate the remainder when d is divided by r.
18
Let f(y) = -211*y + 1. What is the remainder when f(-1) is divided by 43?
40
Suppose -3*a - 3 = 3*x, 0*x - 3*x - 35 = -5*a. Let f = -2 - -11. What is the remainder when f is divided by a?
1
Let r = -8 + 14. Suppose -i + 8 = -r. What is the remainder when i is divided by 8?
6
Let x = 650 - 647. Suppose -4*g + 5 = -3. Calculate the remainder when 70/6 + g/(-3) is divided by x.
2
Let m(p) = -p**3 - 8*p**2 - 10*p - 2. Suppose 36 = n + 3*n. Let c = -16 + n. What is the remainder when 37 is divided by m(c)?
18
Suppose -4*n - 6 = -50. Calculate the remainder when 32 is divided by n.
10
Let o(z) = z + 5. Let g be o(-4). What is the remainder when g/(0 + 1)*2 is divided by 2?
0
Suppose 0 = -i - 2*i + 75. Calculate the remainder when i is divided by (2 - 26/4)*-2.
7
Let l(f) = f**3 + 4*f**2 - 2*f - 2. What is the remainder when 37 is divided by l(-3)?
11
Let j(z) = -z**2 - 11*z - 11. Let x(c) = -c**3 - 6*c**2 - 6*c - 2. Let y be x(-4). Let h be j(y). Calculate the remainder when 26 is divided by (0 - 1)/(h/9).
8
Let j(q) = 2*q - 1. Let g be j(2). What is the remainder when 25 is divided by (3/2)/g*26?
12
Let p be (-17)/(-3) + 2/(-3). Suppose 3*n + p*b = 27, 5*n - 2*n = b + 27. Suppose 2*o = 19 + n. Calculate the remainder when 40 is divided by o.
12
What is the remainder when (646/(-57))/((-4)/6) is divided by 1/3 + (-29)/(-3)?
7
Let k(r) = 51*r - 3. Let d be k(2). Suppose -5*l + d + 16 = 0. What is the remainder when 90 is divided by l?
21
Let o be (-4)/12 + (-32)/(-6). Suppose 3*j + 39 + 14 = o*w, 3*w - 27 = -3*j. Calculate the remainder when ((-14)/3)/((-4)/24) is divided by w.
8
Suppose -5*b + 336 = 51. Suppose -4*u + 47 + b = 0. What is the remainder when u is divided by ((-8)/10)/(2/(-35))?
12
Let a be (4 + 2)*2 - -3. What is the remainder when 43 is divided by 1/(-5) - (-228)/a?
13
Let m = 164 + -83. Let a = m - 52. Let b = -10 - -20. What is the remainder when a is divided by b?
9
Let o be 5*(-1)/1*-1. Suppose o*q - 44 = 6. Calculate the remainder when q is divided by 4.
2
Suppose 0 = 4*m - u - 24, -4*u - 41 = -m - 4*m. Calculate the remainder when 19 is divided by m.
4
Let r = -1 + 4. Suppose r*n + 4 = 37. Calculate the remainder when n is divided by 6.
5
Suppose 0 = -3*l + 43 + 92. Calculate the remainder when l is divided by 8.
5
Suppose 3*a - 3 = 0, 5*a - 63 = -3*z + 20. Suppose -4*k + z - 6 = 0. Calculate the remainder when 8 is divided by k.
3
What is the remainder when 18 + (3 + -3 - 2) is divided by 2?
0
Suppose -4*w + 70 = -2*w. Let r be (-76)/6 - (-8)/12. Let g = r - -24. What is the remainder when w is divided by g?
11
Let b(x) = -x + 3*x + x**2 + 9*x - 8. What is the remainder when 69 is divided by b(-13)?
15
Let i be -2 + 5 + (1 - 0). Suppose 2*s - 38 = -4*m, 3*s - i*m = 104 + 3. Calculate the remainder when s is divided by 15.
14
Let g be (-2 + 0)*(3 + -7). What is the remainder when 19 is divided by 78/g + 2/8?
9
Suppose 2*y - n - 54 = 0, 5*y - 109 = -5*n + 56. What is the remainder when 202 is divided by y?
28
Let l be -2 - (-1 - -2)*-1. Let v be (3 - -35) + (l - 1). Calculate the remainder when 9/12 + v/16 is divided by 2.
1
Suppose -4 = -4*z + 4. Let s = 0 - -4. What is the remainder when ((-33)/(-6))/(z/4) is divided by s?
3
Suppose l - 33 = -2*l. Let o = -4 - -6. Suppose -o*x + 5*g = -42, -4*x = 4*g - 98 - 42. Calculate the remainder when x is divided by l.
9
Let i = 6 - 3. What is the remainder when ((-2)/6)/((-1)/15) is divided by i?
2
Let i be 3/30*16*5. Suppose 2*z - 14 = i. What is the remainder when z is divided by 16/(-2)*(-1)/2?
3
Let v = 110 + -98. Calculate the remainder when 18 is divided by v.
6
Let d = -23 - -35. What is the remainder when d is divided by (-22)/(-2) + (5 - 9)?
5
Let x(l) = l**2 + 13*l + 4. Let b be x(-6). Let a = -26 - b. Calculate the remainder when 46 is divided by a.
10
Let l(r) = 7*r - 3. Let v(m) = -m**3 - 2*m**2 + 5*m + 2. What is the remainder when v(-5) is divided by l(3)?
16
Let a = -64 + 73. Suppose -20 + 72 = 2*g. What is the remainder when g is divided by a?
8
Let i = 56 - 30. Let s = i + 0. Calculate the remainder when s is divided by 7.
5
Calculate the remainder when 57 is divided by -3 + (2 - 0) + 21.
17
Let l = -6 - -13. What is the remainder when 10 is divided by 48/56*(0 + l)?
4
What is the remainder when 141 is divided by (-13)/(130/(-356)) - (-2)/5?
33
Suppose 27 = 4*d + c, d - c = 1 + 2. Let v = -8 + d. What is the remainder when 7 is divided by 2*(v - 21/(-6))?
1
Let x = -9 + 14. Let k be (0/(-1) - 0)/1. Suppose -3 = -w - k. Calculate the remainder when x is divided by w.
2
Let m be (-3 - -2)*-3 - 1. Suppose n - 4*s + 6 = 0, 0 = -m*n - 5*s + 37 + 3. Calculate the remainder when 28 is divided by n.
8
Let y = -8 - -32. Calculate the remainder when 16 is divided by ((-4)/(-8))/(2/y).
4
Suppose 4*j - 3*d - d - 124 = 0, -j + 4*d + 22 = 0. What is the remainder when j is divided by 6?
4
Let j be (-1)/4 - (-25)/20. What is the remainder when (4/(-12))/((-1)/51) is divided by (j/(-2))/(4/(-72))?
8
Suppose -4*i - 158 = -5*i. What is the remainder when i is divided by 40?
38
Suppose 1 = 5*h - 19. Suppose -3*z + 62 = 4*o, -h*z + 3*z - 4*o + 26 = 0. Calculate the remainder when 53 is divided by z.
17
Let n(p) be the second derivative of -p**4/12 - 4*p**3/3 + 3*p**2/2 - p. Calculate the remainder when n(-8) is divided by 2.
1
Let i = -58 - -133. Calculate the remainder when i is divided by 26.
23
Let b = 24 - -10. Calculate the remainder when 133 is divided by b.
31
Let u be 4 + (2 - 0/(-1)). Suppose 3*k + 9 = -u*t + t, -5*k = 2*t - 4. What is the remainder when 6 is divided by k?
0
Let p(v) = 11*v**2 - v - 1. Let q be p(-1). Suppose m - q = 3. Calculate the remainder when 27 is divided by m.
13
Let g = -8 + 13. Suppose 0*r = g*r - 45. Let a = 16 + -1. What is the 